 q**3 + 137*q**2. Let x(f) be the second derivative of g(f). Determine x(7).
4
Suppose -3*h - 18 = 0, -2*o + 60 = -3*h - 26. Let y(u) = -u**2 + 29*u + 181. What is y(o)?
11
Let g(b) be the third derivative of -31*b**4/24 + 5*b**3/6 - 3*b**2 + 169*b. Give g(-1).
36
Let a = -22454 - -22459. Let r(t) be the first derivative of 5*t**2/2 + 2*t + 1. Give r(a).
27
Let s(d) = 7*d**3 + 5*d**2 - d + 4. Let g(n) = -6*n**3 - 4*n**2 + n - 3. Let m(a) = 6*g(a) + 5*s(a). Let i = -4518 - -4520. Determine m(i).
0
Suppose -30*k + 2*k + 66 = -74. Let o(c) = -7*c**2 + 32*c + 9. Determine o(k).
-6
Let c(m) = -4*m**2 + 10*m**2 + 6 - 2 - 14 + 4*m - 5*m**2. Determine c(9).
107
Let y(x) be the first derivative of -x**3/3 + 8*x**2 - 17*x + 278. Determine y(13).
22
Let a(f) be the first derivative of -f**3/3 + 3*f**2 - f - 5674. Suppose 4*u - 43 = 4*r - 5*r, -2*r - 22 = -u. Suppose l = -2*l + u. Calculate a(l).
7
Suppose 4*m = 31 + 1. Let v(a) = -3 - a**2 + m*a**2 - 5 - 6*a - a**3. Let l(c) = -2*c**2 + 45*c - 237. Let u be l(9). Determine v(u).
-8
Let q be (-50)/35*(-1)/((-30)/(-252)). Suppose 2*a - 4 - 18 = 0. Let v(s) = a*s**2 + 63*s - 71*s - q*s**2. Give v(-4).
16
Suppose -2*g = 2*k - 7*g + 1, 3*g = 3*k - 21. Let i be 8/k*1*45. Let s(w) = -i + 11 + w + 12. What is s(4)?
-3
Let i(d) = d**2 - 12*d + 18. Let u = 1475 + -1466. Calculate i(u).
-9
Let r = 44 - 41. Suppose 7*t = r*t + 72. Let i(h) = -11 - 10 + t - h. Give i(4).
-7
Let q = -585 - -7025/12. Let y(p) be the second derivative of -1/20*p**5 + 0 + p**2 - 2/3*p**3 + q*p**4 - p. What is y(4)?
2
Let b(p) be the third derivative of -p**4/3 + 35*p**3/2 + 3944*p**2. Determine b(14).
-7
Suppose -20*u + 113 + 7 = 0. Let v(g) = u - 6 + 13 + 361*g - 360*g. Give v(0).
13
Let s be 1/(4/(-60 + 0)). Let z = 12 + s. Let m(x) = 7*x**3 - x**2 - 4*x - 13. Let a(q) = -10*q**3 + q**2 + 6*q + 19. Let g(f) = -5*a(f) - 7*m(f). What is g(z)?
-7
Let w(y) be the third derivative of y**5/30 - 19*y**4/24 - y**3/2 - 3*y**2 + 100*y - 1. What is w(10)?
7
Suppose 13*f = 18*f + 1190. Let k be f/(-6) + 4/12. Let d be 1/2 + 60/k. Let z(i) = -2*i**3 + 2*i**2 - 2*i. Give z(d).
-12
Let i(f) = 2 + 6 + 4 + 604*f - 607*f - 2*f**2 + 0. Calculate i(-3).
3
Let h(v) = v**3 + 20 + 15*v**2 + 12*v**2 + 52*v + 67 - 39. Determine h(-25).
-2
Let d be 1/((-3)/12) + 50/1. Let f = d + -42. Let v(c) = 1 + 1 - 14 + f - c. What is v(-7)?
-1
Let h(a) = -2*a + 9. Let q be -3 + 2 + -10 + 14. Suppose 30 - 12 = -3*k - v, -27 = q*k - 2*v. Give h(k).
23
Let o(t) = -3*t**2 + 20*t - 9. Let u(b) = 4*b**2 - 20*b + 9. Let m(x) = -5*o(x) - 4*u(x). Determine m(-22).
-35
Let g = 7 - 3. Let h = g + -46. Let z = h + 51. Let v(s) = -s + 10. Calculate v(z).
1
Let b = -3 - -7. Let m = 710 + 119. Let g(x) = x + 2*x + x**3 - m*x**2 - 6 - x + 825*x**2. Give g(b).
2
Let x be (-15)/6*12/10. Let h(y) = -770 + 770 - 2*y - 3*y**2. Determine h(x).
-21
Let m(k) = -k**3 - 8*k**2 - 4*k + 7. Let s be m(-7). Let r(u) = -4591 - u + 2289 + 2302. What is r(s)?
14
Let r(s) = -180*s**3 + 92*s**3 - 170*s + 6*s**2 + 90*s**3 - 3 + 173*s. Calculate r(-2).
-1
Let i(w) = -39*w + 2. Let z = -13263 - -13263. Give i(z).
2
Let j = 18 - 21. Let k(a) = a**3 - 4*a**2 - 6*a + 8. Let t(i) = i**3 - 3*i**2 - 5*i + 8. Let f(m) = j*k(m) + 2*t(m). Suppose -10*l = -13*l + 21. Give f(l).
-1
Suppose 0 = 4*i + 12, 6*t - 10*t + 13 = i. Suppose 208*r = 207*r - t. Let z(w) = w**2 + 4*w - 4. What is z(r)?
-4
Let y(b) = -2*b + 51. Let r(n) = -4*n - 162. Let m(h) = -r(h) - 3*y(h). What is m(-2)?
-11
Suppose -3*o = 2*y - 4, -2*o - 5 = -4*y + 3. Let q be (4/(-8))/(2/(-84)). Suppose -y*z = -5*z - q. Let k(j) = j + 9. Determine k(z).
2
Let r(o) be the second derivative of -7*o**3/6 + 57*o**2/2 + 7*o + 520. Give r(6).
15
Let l(x) = -58*x - 2*x + 2*x + 212 + x + 16*x. Calculate l(5).
7
Let w be 2/(-8) - (-82)/8. Let i be 9*14/189*3. Let o(j) = j**2 - w - 5*j + 0*j**i - 2*j. Determine o(8).
-2
Let r(m) = -3*m - 5*m + 319*m**2 - 320*m**2 - 15. Let d be r(-6). Let g(z) = z - 1. Let k(p) = 14*p - 10. Let l(v) = -12*g(v) + k(v). Determine l(d).
-4
Let x be 8/2*1/(-1). Let j(y) = -y + 29. Let h be j(21). Let r(b) = h*b - 5*b - 5*b + 5 - b**2. Calculate r(x).
-3
Suppose 33*q + 357 - 1215 = 0. Suppose 272 = -q*k + 64. Let t(h) be the third derivative of h**6/120 + 2*h**5/15 - h**4/24 + h**3 - h**2. Determine t(k).
14
Let o be (1*6)/(6/8). Let a(k) = 27*k**2 - 7*k - 88. Let y(j) = -43*j**2 + 10*j + 139. Let w(i) = 8*a(i) + 5*y(i). Give w(o).
7
Let v(p) be the second derivative of -p**4/12 + p**3/6 + 9*p**2/2 + 36*p. Let m = -450 - -450. What is v(m)?
9
Let f = 152159 - 152163. Let m(t) be the first derivative of t**4/4 + 4*t**3/3 + 3*t**2/2 + 5*t + 1. What is m(f)?
-7
Let p(f) = -8*f**2 - 262*f - 185. Let l be p(-32). Let r(c) = c**3 - 10*c**2 + 24*c - 16. Determine r(l).
5
Let p(t) = 4*t - 14. Let x be (5/2)/((-31)/(-62)). What is p(x)?
6
Let p(l) be the second derivative of -l**6/360 + l**5/20 + l**4/12 + l**3/6 - 24*l**2 - 37*l. Let v(t) be the second derivative of p(t). Determine v(6).
2
Suppose -4*m = 4, 2*k - m + 11 = -2*k. Let a(j) be the third derivative of 1/12*j**4 - 1/3*j**3 + 0 + 1/60*j**5 + 0*j - 16*j**2. Give a(k).
1
Let c(l) = -3*l**2 + 18*l + 45. Let n(a) = 2*a**2 - 17*a - 30. Let x(f) = -3*c(f) - 4*n(f). Let d(q) = -6*q + 3. Let w be d(3). Determine x(w).
0
Let h(l) be the third derivative of l**5/20 - l**4/2 - 13*l**3/6 - 1075*l**2. Give h(6).
23
Let p(a) = -21*a + 1. Suppose 10 + 6 = 8*t. Suppose -8*d = -3*d + l + 8, -t*d - 4*l - 14 = 0. Determine p(d).
22
Let u = 9 - 21. Let q(s) = -138*s**2 + 77*s - 20. Let w(z) = -25*z**2 + 15*z - 4. Let x(h) = -2*q(h) + 11*w(h). Calculate x(u).
8
Let f(b) = -2*b - 2. Let t be f(4). Let z = -11 - t. Let r(v) = -v + 2*v**2 + 66*v**3 - 56*v**3 - 1 - 3*v**2. Give r(z).
-11
Let p(h) be the third derivative of -h**6/120 - h**5/4 - 7*h**4/12 + 3*h**3/2 - 1140*h**2 + h. Give p(-14).
9
Let v(n) = -50*n**2 - 12*n + 41. Let b(k) = -67*k**2 - 12*k + 40. Let c(a) = -3*b(a) + 4*v(a). Determine c(5).
9
Suppose 24 = -7*t + 66. Let o(r) = r**3 - 4*r**2 - 12*r + 6. Let u be o(t). Let p(i) be the first derivative of -i**3/3 + 5*i**2/2 + i + 2. Determine p(u).
-5
Let c(o) be the third derivative of -o**6/120 - o**5/6 - 11*o**4/24 + 2*o**3 + 10*o**2 + 7*o + 14. What is c(-9)?
30
Suppose 36*t + 201 = 53*t + 50*t. Let d(p) be the second derivative of 1/2*p**t + 10*p + 0 + 0*p**2. Calculate d(-1).
-3
Let l(m) = -m**3 - 14*m**2 + 18*m + 15. Let w = -992 + 977. What is l(w)?
-30
Let f(o) = 4*o - 1. Let n be -55*(5 - 26)/7. Let b = -164 + n. What is f(b)?
3
Let f be (9/6)/(1611/198 + -8). Let q(g) = 14 - 14*g - 45 + f + 18. Give q(-2).
26
Let m(n) = -12*n + 74. Let l(c) = -9*c - 2. Let j(i) = -l(i) + m(i). Determine j(24).
4
Let k = -593 - -955. Let l = 357 - k. Let y(w) = 1 + 0 - 2*w**2 - w + w**2. Determine y(l).
-19
Let f(w) = -6*w**2 + 9*w - 4. Let r(n) = 18*n**2 - 28*n + 13. Let y(o) = -7*f(o) - 2*r(o). Let z(x) = x**2 - 2*x. Let u(m) = -y(m) + 5*z(m). Give u(-2).
0
Let y(j) be the first derivative of 10 - j**3 - 4*j + 5/2*j**2. What is y(2)?
-6
Suppose o - 6*o + 2*k + 222 = 0, k - 96 = -2*o. Suppose -6 + o = -8*a. Let m be (0 - a)*(-2)/((-40)/12). Let n(q) = q**2 - 7*q + 4. Calculate n(m).
-8
Let u = -26 - -29. Suppose -3*i - u + 9 = 0. Let w(z) = 12*z - 8*z - 10 - i*z. What is w(7)?
4
Let d(s) be the third derivative of s**7/2520 - s**6/120 + 3*s**5/40 + 7*s**4/3 + 31*s**2. Let a(t) be the second derivative of d(t). Give a(6).
9
Let b(j) be the third derivative of -j**5/6 + 85*j**4/12 - j**3 + 12*j**2 - 90*j - 1. What is b(17)?
-6
Let q = 247 + -244. Let u be 2/(q - (9 - 5)) + 6. Let o(g) = 3*g + 2. Calculate o(u).
14
Let x(f) be the second derivative of -1/2*f**2 + 72*f - 5/6*f**3 - 1. Determine x(1).
-6
Let d(q) = -4*q**3 - 3*q**2 - 3*q - 5. Let r be d(-1). Let y(w) = -46*w - 44. What is y(r)?
2
Suppose 0 = 9*r - 3 - 6. Let p(b) = -4*b. Let i be p(r). Let x(q) be the third derivative of -q**4/12 - q**3 - 15*q**2. Determine x(i).
2
Let k(x) = x**3 - 7*x**2 - 3*x + 10. Let a(o) = o**3 - o**2 + o + 7. Let v be ((-100)/(-176) - 2/(-11))*-44. Let b = -33 - v. Let t be a(b). What is k(t)?
-11
Let f(m) be the second derivative of -1/6*m**3 + 0 + m - 3*m**2. Let b(q) = q**3 + 19*q**2 - 20*q - 6. Let p be b(-20). Wha